st common divisor of 6 and 50?
2
Calculate the greatest common factor of 896 and 28.
28
Calculate the highest common divisor of 1064 and 56.
56
What is the greatest common divisor of 575 and 46?
23
What is the highest common factor of 1036 and 296?
148
What is the greatest common factor of 6856 and 24?
8
Calculate the greatest common divisor of 850 and 950.
50
Calculate the highest common factor of 40 and 75.
5
What is the greatest common factor of 10 and 24355?
5
Calculate the greatest common divisor of 224 and 48.
16
What is the greatest common factor of 20 and 205?
5
Calculate the greatest common divisor of 2 and 2.
2
Calculate the greatest common factor of 7965 and 360.
45
What is the highest common divisor of 3582 and 36?
18
Calculate the highest common factor of 580 and 100.
20
Calculate the greatest common factor of 2132 and 205.
41
Calculate the greatest common factor of 784 and 16.
16
What is the greatest common divisor of 4728 and 32?
8
Calculate the greatest common factor of 20 and 1060.
20
What is the highest common factor of 53 and 2491?
53
Calculate the highest common factor of 13 and 16861.
13
What is the greatest common divisor of 707 and 14?
7
Calculate the greatest common factor of 34 and 204.
34
Calculate the highest common divisor of 391 and 289.
17
Calculate the greatest common factor of 123 and 779.
41
What is the highest common divisor of 1143 and 18?
9
Calculate the greatest common divisor of 290 and 9425.
145
What is the greatest common factor of 1519 and 441?
49
What is the highest common factor of 392 and 833?
49
Calculate the highest common divisor of 39 and 15951.
39
Calculate the greatest common factor of 231 and 44.
11
Calculate the greatest common divisor of 63 and 672.
21
What is the highest common divisor of 448 and 64?
64
Calculate the highest common divisor of 230 and 1035.
115
What is the greatest common divisor of 8 and 34856?
8
What is the greatest common divisor of 3304 and 280?
56
Calculate the greatest common factor of 105 and 4641.
21
What is the greatest common divisor of 32 and 11504?
16
What is the greatest common factor of 26 and 6734?
26
Calculate the greatest common factor of 56 and 196.
28
What is the greatest common divisor of 4094 and 138?
46
What is the greatest common divisor of 1175 and 47?
47
Calculate the greatest common factor of 1586 and 52.
26
What is the greatest common divisor of 54 and 936?
18
What is the highest common factor of 3149 and 67?
67
Calculate the greatest common divisor of 456 and 171.
57
What is the greatest common divisor of 256 and 24?
8
Calculate the greatest common divisor of 19010 and 20.
10
What is the highest common factor of 4 and 108?
4
Calculate the greatest common factor of 32 and 216.
8
Calculate the highest common divisor of 6 and 230.
2
What is the greatest common factor of 4 and 348?
4
What is the highest common factor of 7 and 9?
1
Calculate the greatest common divisor of 10 and 1370.
10
What is the highest common factor of 63 and 2079?
63
What is the highest common factor of 63 and 84?
21
Calculate the greatest common factor of 96 and 3024.
48
Calculate the greatest common divisor of 665 and 70.
35
Calculate the highest common factor of 2045 and 5.
5
Calculate the highest common factor of 667 and 145.
29
Calculate the greatest common factor of 598 and 322.
46
What is the highest common divisor of 13 and 8021?
13
Calculate the highest common factor of 323 and 57.
19
Calculate the highest common divisor of 8 and 1256.
8
Calculate the highest common divisor of 280 and 224.
56
Calculate the greatest common factor of 1050 and 231.
21
Calculate the greatest common divisor of 120 and 5120.
40
What is the highest common factor of 2431 and 1870?
187
Calculate the highest common divisor of 281 and 1.
1
What is the greatest common factor of 12 and 9?
3
What is the greatest common factor of 258 and 276?
6
What is the highest common divisor of 90 and 4?
2
What is the highest common factor of 1810 and 543?
181
Calculate the highest common factor of 435 and 105.
15
What is the greatest common factor of 38 and 11894?
38
Calculate the greatest common divisor of 572 and 836.
44
What is the greatest common divisor of 329 and 7?
7
Calculate the highest common factor of 11 and 8.
1
What is the highest common divisor of 78 and 10218?
78
What is the greatest common factor of 23 and 46?
23
Calculate the highest common factor of 7 and 2100.
7
Calculate the greatest common factor of 6 and 334.
2
Calculate the highest common factor of 1587 and 736.
23
Calculate the greatest common divisor of 65 and 39.
13
Calculate the greatest common divisor of 25 and 1885.
5
Calculate the highest common divisor of 2072 and 1332.
148
Calculate the greatest common divisor of 118 and 21712.
118
Calculate the highest common divisor of 3968 and 31.
31
What is the greatest common divisor of 2431 and 26?
13
What is the highest common divisor of 885 and 225?
15
Calculate the greatest common divisor of 3354 and 13.
13
What is the greatest common factor of 9 and 333?
9
Calculate the highest common divisor of 91 and 35.
7
Calculate the greatest common factor of 145 and 1334.
29
Calculate the greatest common divisor of 459 and 108.
27
What is the highest common factor of 494 and 342?
38
What is the highest common divisor of 147 and 3?
3
What is the greatest common factor of 276 and 621?
69
Calculate the greatest common divisor of 309 and 1957.
103
What is the greatest common factor of 92 and 4?
4
Calculate the greatest common divisor of 11 and 1221.
11
What is the highest common factor of 54 and 1026?
54
Calculate the greatest common factor of 20 and 320.
20
What is the greatest common divisor of 102 and 561?
51
What is the greatest common factor of 387 and 6321?
129
Calculate the greatest common factor of 9864 and 9.
9
Calculate the highest common factor of 3653 and 13.
13
Calculate the highest common factor of 14 and 1750.
14
Calculate the greatest common divisor of 57 and 532.
19
Calculate the greatest common divisor of 235 and 470.
235
What is the highest common divisor of 595 and 245?
35
Calculate the highest common divisor of 688 and 387.
43
Calculate the greatest common divisor of 32 and 272.
16
Calculate the greatest common divisor of 4693 and 13.
13
Calculate the highest common factor of 4587 and 198.
33
Calculate the highest common factor of 130 and 30.
10
Calculate the highest common divisor of 7339 and 82.
41
What is the greatest common factor of 144 and 90?
18
Calculate the highest common factor of 21 and 161.
7
Calculate the greatest common divisor of 90 and 1935.
45
What is the highest common factor of 125 and 200?
25
What is the highest common divisor of 592 and 333?
37
Calculate the greatest common factor of 27 and 4212.
27
Calculate the greatest common divisor of 2208 and 115.
23
What is the greatest common divisor of 12 and 68?
4
What is the highest common divisor of 7 and 1?
1
Calculate the highest common factor of 116 and 522.
58
Calculate the highest common factor of 200 and 270.
10
Calculate the highest common factor of 160 and 12.
4
Calculate the greatest common divisor of 6583 and 681.
227
Calculate the greatest common divisor of 39088 and 112.
112
What is the highest common divisor of 465 and 2480?
155
Calculate the highest common divisor of 1395 and 54.
9
What is the highest common factor of 1936 and 352?
176
What is the greatest common factor of 64 and 1632?
32
What is the greatest common divisor of 56 and 64?
8
Calculate the highest common divisor of 999 and 148.
37
Calculate the greatest common factor of 610 and 50.
10
What is the highest common divisor of 700 and 1200?
100
What is the greatest common factor of 27 and 12?
3
What is the highest common factor of 76 and 418?
38
What is the highest common divisor of 15 and 345?
15
What is the highest common factor of 7860 and 48?
12
What is the highest common divisor of 330 and 3410?
110
Calculate the highest common factor of 24 and 888.
24
What is the highest common factor of 306 and 54?
18
What is the greatest common factor of 399 and 76?
19
Calculate the greatest common factor of 195 and 1395.
15
What is the greatest common factor of 3612 and 7?
7
Calculate the highest common divisor of 190 and 40.
10
Calculate the highe